{"id":306,"date":"2023-02-16T08:04:16","date_gmt":"2023-02-16T07:04:16","guid":{"rendered":"http:\/\/www.cortesi.ch\/?page_id=306"},"modified":"2023-02-16T08:04:16","modified_gmt":"2023-02-16T07:04:16","slug":"aszendent-im-tierkreiszeichen-krebs","status":"publish","type":"page","link":"http:\/\/www.cortesi.ch\/index.php\/aszendent-im-tierkreiszeichen-krebs\/","title":{"rendered":"Aszendent im Tierkreiszeichen Krebs"},"content":{"rendered":"\n<h4 class=\"wp-block-heading\">Eine weiche Schale<\/h4>\n\n\n\n<p>Der Aszendent symbolisiert das &#8222;Schaufenster&#8220; oder die &#8222;Maske&#8220; Ihrer Pers\u00f6nlichkeit, das heisst die Eigenschaften, die Sie prim\u00e4r nach aussen zeigen und die ein anderer zuerst an Ihnen wahrnimmt. Er weist auf einen Bereich hin, der Ihnen einerseits vertraut ist, Sie andererseits ein Leben lang zu einer intensiven Pers\u00f6nlichkeitsentwicklung herausfordert.<\/p>\n\n\n\n<p>Mit dem Aszendenten im Krebs strahlen Sie eine kindliche Spontaneit\u00e4t und W\u00e4rme aus. Sie f\u00fchlen sich in einer famili\u00e4ren Atmosph\u00e4re wohl. Sie sch\u00e4tzen ein gewisses Mass an F\u00fcrsorglichkeit und gegenseitigem Umsorgt-Werden, und Sie locken diese Seite durch Ihr m\u00fctterlich-f\u00fcrsorgliches Verhalten auch bei anderen heraus. Andere reagieren Ihnen gegen\u00fcber relativ offen und erz\u00e4hlen von Ihren Freuden und Sorgen. Das Leben fordert Sie immer wieder auf, F\u00fcrsorglichkeit, Empfindsamkeit und emotionale W\u00e4rme nicht nur als &#8222;Maske&#8220; nach aussen zu zeigen, sondern zu Ihren inneren Qualit\u00e4ten werden zu lassen. Indem Sie gleichsam die Rolle eines einf\u00fchlsamen und beeindruckbaren Menschen spielen, formen Sie Ihren Charakter in diese Richtung und finden einen tieferen Zugang zu den eigenen Gef\u00fchlen.<\/p>\n\n\n\n<p>Der Aszendent ist auch eine Art &#8222;Brille&#8220;, mit der Sie die Umwelt in einer speziellen &#8222;F\u00e4rbung&#8220; wahrnehmen. Sie sehen die Umwelt aus der Sicht einer Mutter-Kind-Beziehung; Geborgenheit und Vertrauen sind prim\u00e4re Kriterien. Sie haben eine &#8222;weiche Schale&#8220; und sind sehr empfindsam. F\u00fchlen Sie sich angegriffen, ziehen Sie sich spontan zur\u00fcck, schmollen eventuell oder sammeln innerlich &#8222;Strafpunkte&#8220;, die Sie dem anderen bei passender Gelegenheit zur\u00fcckzahlen.<\/p>\n\n\n\n<p>Wenn Sie sich selbst aus neutraler Warte betrachten, werden Sie vermutlich zugeben m\u00fcssen, dass Sie manchmal ganz gerne wieder ein kleines Kind w\u00e4ren, das kuscheln und sich anlehnen darf. Die Mittel, die Sie als Erwachsener einsetzen, um zu den ersehnten Streicheleinheiten zu kommen, sind bei genauem Hinsehen kaum \u00fcber jeden Zweifel erhaben. Sie neigen dazu, sich selbst oder andere in kindliche Abh\u00e4ngigkeiten zu bringen, sich beispielsweise schwach zu zeigen und so die Mitmenschen zur Unterst\u00fctzung zu veranlassen. Es f\u00e4llt Ihnen nicht leicht, sich dem rauen Wind des Lebens zu stellen. Und doch m\u00fcssen Sie immer wieder aus der vertrauten Geborgenheit heraustreten, wie ein Wanderer, der jeden Morgen seine Herberge verl\u00e4sst und weiterzieht.<\/p>\n","protected":false},"excerpt":{"rendered":"<p>Eine weiche Schale Der Aszendent symbolisiert das &#8222;Schaufenster&#8220; oder die &#8222;Maske&#8220; Ihrer Pers\u00f6nlichkeit, das heisst die Eigenschaften, die Sie prim\u00e4r nach aussen zeigen und die ein anderer zuerst an Ihnen wahrnimmt. Er weist auf einen Bereich hin, der Ihnen einerseits vertraut ist, Sie andererseits ein Leben lang zu einer intensiven Pers\u00f6nlichkeitsentwicklung herausfordert. Mit dem Aszendenten [&hellip;]<\/p>\n","protected":false},"author":1,"featured_media":0,"parent":0,"menu_order":0,"comment_status":"closed","ping_status":"closed","template":"","meta":{"footnotes":""},"class_list":["post-306","page","type-page","status-publish","hentry"],"_links":{"self":[{"href":"http:\/\/www.cortesi.ch\/index.php\/wp-json\/wp\/v2\/pages\/306","targetHints":{"allow":["GET"]}}],"collection":[{"href":"http:\/\/www.cortesi.ch\/index.php\/wp-json\/wp\/v2\/pages"}],"about":[{"href":"http:\/\/www.cortesi.ch\/index.php\/wp-json\/wp\/v2\/types\/page"}],"author":[{"embeddable":true,"href":"http:\/\/www.cortesi.ch\/index.php\/wp-json\/wp\/v2\/users\/1"}],"replies":[{"embeddable":true,"href":"http:\/\/www.cortesi.ch\/index.php\/wp-json\/wp\/v2\/comments?post=306"}],"version-history":[{"count":1,"href":"http:\/\/www.cortesi.ch\/index.php\/wp-json\/wp\/v2\/pages\/306\/revisions"}],"predecessor-version":[{"id":307,"href":"http:\/\/www.cortesi.ch\/index.php\/wp-json\/wp\/v2\/pages\/306\/revisions\/307"}],"wp:attachment":[{"href":"http:\/\/www.cortesi.ch\/index.php\/wp-json\/wp\/v2\/media?parent=306"}],"curies":[{"name":"wp","href":"https:\/\/api.w.org\/{rel}","templated":true}]}}