{"id":335,"date":"2023-02-24T15:29:38","date_gmt":"2023-02-24T14:29:38","guid":{"rendered":"http:\/\/www.cortesi.ch\/?page_id=335"},"modified":"2023-02-27T11:35:41","modified_gmt":"2023-02-27T10:35:41","slug":"das-tierkreiszeichen-widder","status":"publish","type":"page","link":"http:\/\/www.cortesi.ch\/index.php\/das-tierkreiszeichen-widder\/","title":{"rendered":"Das Tierkreiszeichen Widder"},"content":{"rendered":"\n<figure class=\"wp-block-image size-full\"><img loading=\"lazy\" decoding=\"async\" width=\"53\" height=\"49\" src=\"http:\/\/www.cortesi.ch\/wp-content\/uploads\/2023\/02\/widder_f.gif\" alt=\"\" class=\"wp-image-319\"\/><\/figure>\n\n\n\n<p><strong>&#8222;Ich bin! Hier! Jetzt! Ich will!&#8220;<\/strong><\/p>\n\n\n\n<p><strong>Positive Eigenschaften eines Widder-Typs:<\/strong><br>Spontan, schnell, voll dynamischem Elan, direkt, offen, nach au\u00dfen gerichtet, unkompliziert, ehrlich, absichtslos, bahnbrechend, konfrontativ, streitlustig, mutig, selbst\u00e4ndig, unabh\u00e4ngig, bestimmt, unternehmungslustig.<\/p>\n\n\n\n<p>Der Widder-Typ setzt sich durch und zeigt sich, ist voll dynamischem Elan und erfrischender Direktheit, hat Tatendrang, Kraft und Energie, ist ein Pionier und Einzelg\u00e4nger, zeigt Initiative, beginnt wie ein &#8222;Stehaufm\u00e4nnchen&#8220; immer wieder von vorn, liebt Freiheit, Sport, Bewegung, braucht Widerstand, nimmt jede Herausforderung an.<\/p>\n\n\n\n<p><strong>Negative Entsprechungen:<\/strong><br>Der Widder-Typ reagiert \u00e4rgerlich, aggressiv, w\u00fctend, wenn er gebremst wird und seine Energie nicht ausleben kann, geht mit dem Kopf durch die Wand, ist egoistisch, r\u00fccksichtslos, aufbrausend, st\u00fcrmisch, triebhaft, streits\u00fcchtig, ungeduldig.<\/p>\n\n\n\n<p>Dem Widder-Zeichen werden der\u00a0<a href=\"http:\/\/www.cortesi.ch\/index.php\/mars\/\" data-type=\"page\" data-id=\"429\">Mars\u00a0<\/a>und das\u00a0<a href=\"http:\/\/www.cortesi.ch\/index.php\/das-erste-haus\/\" data-type=\"page\" data-id=\"364\">erste Haus\u00a0<\/a>zugeordnet.<\/p>\n\n\n\n<p><a href=\"http:\/\/www.cortesi.ch\/index.php\/verwandtschaften-zwischen-zeichen-planeten-und-haeusern\/\" data-type=\"page\" data-id=\"494\">\u00dcbersicht\u00a0<\/a>\u00fcber Tierkreiszeichen, Planeten und H\u00e4user<\/p>\n","protected":false},"excerpt":{"rendered":"<p>&#8222;Ich bin! Hier! Jetzt! Ich will!&#8220; Positive Eigenschaften eines Widder-Typs:Spontan, schnell, voll dynamischem Elan, direkt, offen, nach au\u00dfen gerichtet, unkompliziert, ehrlich, absichtslos, bahnbrechend, konfrontativ, streitlustig, mutig, selbst\u00e4ndig, unabh\u00e4ngig, bestimmt, unternehmungslustig. Der Widder-Typ setzt sich durch und zeigt sich, ist voll dynamischem Elan und erfrischender Direktheit, hat Tatendrang, Kraft und Energie, ist ein Pionier und Einzelg\u00e4nger, [&hellip;]<\/p>\n","protected":false},"author":1,"featured_media":0,"parent":0,"menu_order":0,"comment_status":"closed","ping_status":"closed","template":"","meta":{"footnotes":""},"class_list":["post-335","page","type-page","status-publish","hentry"],"_links":{"self":[{"href":"http:\/\/www.cortesi.ch\/index.php\/wp-json\/wp\/v2\/pages\/335","targetHints":{"allow":["GET"]}}],"collection":[{"href":"http:\/\/www.cortesi.ch\/index.php\/wp-json\/wp\/v2\/pages"}],"about":[{"href":"http:\/\/www.cortesi.ch\/index.php\/wp-json\/wp\/v2\/types\/page"}],"author":[{"embeddable":true,"href":"http:\/\/www.cortesi.ch\/index.php\/wp-json\/wp\/v2\/users\/1"}],"replies":[{"embeddable":true,"href":"http:\/\/www.cortesi.ch\/index.php\/wp-json\/wp\/v2\/comments?post=335"}],"version-history":[{"count":4,"href":"http:\/\/www.cortesi.ch\/index.php\/wp-json\/wp\/v2\/pages\/335\/revisions"}],"predecessor-version":[{"id":552,"href":"http:\/\/www.cortesi.ch\/index.php\/wp-json\/wp\/v2\/pages\/335\/revisions\/552"}],"wp:attachment":[{"href":"http:\/\/www.cortesi.ch\/index.php\/wp-json\/wp\/v2\/media?parent=335"}],"curies":[{"name":"wp","href":"https:\/\/api.w.org\/{rel}","templated":true}]}}