{"id":345,"date":"2023-02-24T15:25:31","date_gmt":"2023-02-24T14:25:31","guid":{"rendered":"http:\/\/www.cortesi.ch\/?page_id=345"},"modified":"2023-02-27T11:46:48","modified_gmt":"2023-02-27T10:46:48","slug":"das-tierkreiszeichen-loewe","status":"publish","type":"page","link":"http:\/\/www.cortesi.ch\/index.php\/das-tierkreiszeichen-loewe\/","title":{"rendered":"Das Tierkreiszeichen L\u00f6we"},"content":{"rendered":"\n<figure class=\"wp-block-image size-full\"><img loading=\"lazy\" decoding=\"async\" width=\"49\" height=\"49\" src=\"http:\/\/www.cortesi.ch\/wp-content\/uploads\/2023\/02\/loewe_f.gif\" alt=\"\" class=\"wp-image-326\"\/><\/figure>\n\n\n\n<p><strong>&#8222;Ich bin! Selbstverst\u00e4ndlich bin ich so wie ich bin!<br>Ich bin der Mittelpunkt meines Universums!&#8220;<\/strong><\/p>\n\n\n\n<p><strong>Positive Eigenschaften eines L\u00f6we-Typs:<\/strong><br>Kraftvoll, unerschrocken, feurig, begeisterungsf\u00e4hig, mutig, entschlossen, dynamisch, selbst\u00e4ndig, w\u00fcrdevoll, willensstark, dominant-beharrlich, wettbewerbsfreudig, grossm\u00fctig (vorausgesetzt, er hat selbst genug), risikofreudig, verspielt<\/p>\n\n\n\n<p>Starkes Selbstbewu\u00dftsein und Selbstvertrauen, will beeindrucken, Tatkraft, F\u00fchrerqualit\u00e4ten (oder Herrscherall\u00fcren), Anspruch auf den &#8222;L\u00f6wenanteil&#8220;, Bed\u00fcrfnis nach kreativer Entfaltung, Freude an Spiel und Spa\u00df, spontane Herzlichkeit und W\u00e4rme.<\/p>\n\n\n\n<p>Der L\u00f6we-Typ liebt das Leben und ist von seinem eigenen Wert \u00fcberzeugt. Er mag keine Halbheiten, wenn er spielt oder arbeitet, dann aus ganzer Seele. Wie eine Raubkatze kann er eine t\u00e4uschend tr\u00e4ge Miene zur Schau tragen. Sein Lebenskonzept hat etwas Gro\u00dfartiges, und er kann dank seiner beharrlichen Tatkraft viel im Leben verwirklichen.<\/p>\n\n\n\n<p><strong>Negative Entsprechungen:<\/strong><br>Stolz, \u00fcberheblich, arrogant, ich-bezogen, dominant, sich selbst \u00fcbersch\u00e4tzend, Aufmerksamkeit heischend, verschwenderisch, gro\u00dfspurig<\/p>\n\n\n\n<p>Der L\u00f6we-Betonte erlebt die Mitmenschen gewiss\u00dfermassen als Verl\u00e4ngerung seines Wesens und spielt mit ihnen wie der Dirigent mit dem Orchester. Allem Schwachen, Kranken und Leidenden geht er aus dem Weg und besch\u00e4ftigt sich selbstherrlich nur mit sich selbst.<\/p>\n\n\n\n<p><br>Dem L\u00f6we-Zeichen werden die\u00a0<a href=\"http:\/\/www.cortesi.ch\/index.php\/die-sonne\/\" data-type=\"page\" data-id=\"421\">Sonne\u00a0<\/a>und das\u00a0<a href=\"http:\/\/www.cortesi.ch\/index.php\/das-fuenfte-haus\/\" data-type=\"page\" data-id=\"381\">f\u00fcnfte Haus\u00a0<\/a>zugeordnet.<\/p>\n\n\n\n<p><a href=\"http:\/\/www.cortesi.ch\/index.php\/verwandtschaften-zwischen-zeichen-planeten-und-haeusern\/\" data-type=\"page\" data-id=\"494\">\u00dcbersicht\u00a0<\/a>\u00fcber Tierkreiszeichen, Planeten und H\u00e4user<\/p>\n","protected":false},"excerpt":{"rendered":"<p>&#8222;Ich bin! Selbstverst\u00e4ndlich bin ich so wie ich bin!Ich bin der Mittelpunkt meines Universums!&#8220; Positive Eigenschaften eines L\u00f6we-Typs:Kraftvoll, unerschrocken, feurig, begeisterungsf\u00e4hig, mutig, entschlossen, dynamisch, selbst\u00e4ndig, w\u00fcrdevoll, willensstark, dominant-beharrlich, wettbewerbsfreudig, grossm\u00fctig (vorausgesetzt, er hat selbst genug), risikofreudig, verspielt Starkes Selbstbewu\u00dftsein und Selbstvertrauen, will beeindrucken, Tatkraft, F\u00fchrerqualit\u00e4ten (oder Herrscherall\u00fcren), Anspruch auf den &#8222;L\u00f6wenanteil&#8220;, Bed\u00fcrfnis nach kreativer Entfaltung, [&hellip;]<\/p>\n","protected":false},"author":1,"featured_media":0,"parent":0,"menu_order":0,"comment_status":"closed","ping_status":"closed","template":"","meta":{"footnotes":""},"class_list":["post-345","page","type-page","status-publish","hentry"],"_links":{"self":[{"href":"http:\/\/www.cortesi.ch\/index.php\/wp-json\/wp\/v2\/pages\/345","targetHints":{"allow":["GET"]}}],"collection":[{"href":"http:\/\/www.cortesi.ch\/index.php\/wp-json\/wp\/v2\/pages"}],"about":[{"href":"http:\/\/www.cortesi.ch\/index.php\/wp-json\/wp\/v2\/types\/page"}],"author":[{"embeddable":true,"href":"http:\/\/www.cortesi.ch\/index.php\/wp-json\/wp\/v2\/users\/1"}],"replies":[{"embeddable":true,"href":"http:\/\/www.cortesi.ch\/index.php\/wp-json\/wp\/v2\/comments?post=345"}],"version-history":[{"count":3,"href":"http:\/\/www.cortesi.ch\/index.php\/wp-json\/wp\/v2\/pages\/345\/revisions"}],"predecessor-version":[{"id":560,"href":"http:\/\/www.cortesi.ch\/index.php\/wp-json\/wp\/v2\/pages\/345\/revisions\/560"}],"wp:attachment":[{"href":"http:\/\/www.cortesi.ch\/index.php\/wp-json\/wp\/v2\/media?parent=345"}],"curies":[{"name":"wp","href":"https:\/\/api.w.org\/{rel}","templated":true}]}}