{"id":355,"date":"2023-02-24T15:26:55","date_gmt":"2023-02-24T14:26:55","guid":{"rendered":"http:\/\/www.cortesi.ch\/?page_id=355"},"modified":"2023-02-27T11:57:58","modified_gmt":"2023-02-27T10:57:58","slug":"das-tierkreiszeichen-steinbock","status":"publish","type":"page","link":"http:\/\/www.cortesi.ch\/index.php\/das-tierkreiszeichen-steinbock\/","title":{"rendered":"Das Tierkreiszeichen Steinbock"},"content":{"rendered":"\n<figure class=\"wp-block-image size-full\"><img loading=\"lazy\" decoding=\"async\" width=\"49\" height=\"49\" src=\"http:\/\/www.cortesi.ch\/wp-content\/uploads\/2023\/02\/Steinbock_f.gif\" alt=\"\" class=\"wp-image-331\"\/><\/figure>\n\n\n\n<p><strong>&#8222;Ich \u00fcbernehme Verantwortung!&#8220;<\/strong><\/p>\n\n\n\n<p><strong>Positive Eigenschaften eines Steinbock-Typs:<\/strong><br>Ausdauernd, beharrlich, hartn\u00e4ckig, geduldig, systematisch, realistisch, sachlich-trocken, ordentlich, konzentriert, diszipliniert, vern\u00fcnftig, selbstkritisch, klug, klar, gr\u00fcndlich, grundsatztreu, reserviert, treu, vorsichtig, schweigsam, geradlinig<\/p>\n\n\n\n<p>Der Steinbock-Typ steht mit beiden Beinen auf dem Boden der Realit\u00e4t. Er tr\u00e4gt Verantwortung, ist zu harter Arbeit f\u00e4hig und h\u00e4lt sich an Hierarchien, Formen und Regeln. Indem er sich den Herausforderungen des Lebens stellt und Schwierigkeiten \u00fcberwindet, wird er zur Autorit\u00e4t mit grosser Leistungskraft. Als bodenst\u00e4ndiger Realist passt er sich den \u00e4usseren Fakten an und versucht, das Bestm\u00f6gliche damit zu erreichen.<\/p>\n\n\n\n<p><strong>Negative Entsprechungen:<\/strong><br>Autorit\u00e4r, patriarchalisch, konservativ, erstarrt, unerbittlich, hart, engstirnig, ernst, strebsam, ehrgeizig, \u00fcberstrukturiert, pedantisch, unnahbar, scheu, kontrolliert, trocken, einsilbig, steif, unbeugsam, ungesellig<\/p>\n\n\n\n<p>Der Steinbock-Betonte neigt zu Ehrgeiz und Karrierestreben und richtet sein Verhalten nach den gesellschaftlichen Erwartungen. Eiserne Selbstdisziplin und ehrgeizige Ziele k\u00f6nnen ihn hart und unmenschlich werden lassen.<\/p>\n\n\n\n<p>Dem Steinbock-Zeichen werden der\u00a0<a href=\"http:\/\/www.cortesi.ch\/index.php\/saturn\/\" data-type=\"page\" data-id=\"433\">Saturn\u00a0<\/a>und das\u00a0<a href=\"http:\/\/www.cortesi.ch\/index.php\/das-zehnte-haus\/\" data-type=\"page\" data-id=\"397\">zehnte Haus\u00a0<\/a>zugeordnet.<\/p>\n\n\n\n<p><a href=\"http:\/\/www.cortesi.ch\/index.php\/verwandtschaften-zwischen-zeichen-planeten-und-haeusern\/\" data-type=\"page\" data-id=\"494\">\u00dcbersicht\u00a0<\/a>\u00fcber Tierkreiszeichen, Planeten und H\u00e4user<\/p>\n","protected":false},"excerpt":{"rendered":"<p>&#8222;Ich \u00fcbernehme Verantwortung!&#8220; Positive Eigenschaften eines Steinbock-Typs:Ausdauernd, beharrlich, hartn\u00e4ckig, geduldig, systematisch, realistisch, sachlich-trocken, ordentlich, konzentriert, diszipliniert, vern\u00fcnftig, selbstkritisch, klug, klar, gr\u00fcndlich, grundsatztreu, reserviert, treu, vorsichtig, schweigsam, geradlinig Der Steinbock-Typ steht mit beiden Beinen auf dem Boden der Realit\u00e4t. Er tr\u00e4gt Verantwortung, ist zu harter Arbeit f\u00e4hig und h\u00e4lt sich an Hierarchien, Formen und Regeln. Indem [&hellip;]<\/p>\n","protected":false},"author":1,"featured_media":0,"parent":0,"menu_order":0,"comment_status":"closed","ping_status":"closed","template":"","meta":{"footnotes":""},"class_list":["post-355","page","type-page","status-publish","hentry"],"_links":{"self":[{"href":"http:\/\/www.cortesi.ch\/index.php\/wp-json\/wp\/v2\/pages\/355","targetHints":{"allow":["GET"]}}],"collection":[{"href":"http:\/\/www.cortesi.ch\/index.php\/wp-json\/wp\/v2\/pages"}],"about":[{"href":"http:\/\/www.cortesi.ch\/index.php\/wp-json\/wp\/v2\/types\/page"}],"author":[{"embeddable":true,"href":"http:\/\/www.cortesi.ch\/index.php\/wp-json\/wp\/v2\/users\/1"}],"replies":[{"embeddable":true,"href":"http:\/\/www.cortesi.ch\/index.php\/wp-json\/wp\/v2\/comments?post=355"}],"version-history":[{"count":3,"href":"http:\/\/www.cortesi.ch\/index.php\/wp-json\/wp\/v2\/pages\/355\/revisions"}],"predecessor-version":[{"id":570,"href":"http:\/\/www.cortesi.ch\/index.php\/wp-json\/wp\/v2\/pages\/355\/revisions\/570"}],"wp:attachment":[{"href":"http:\/\/www.cortesi.ch\/index.php\/wp-json\/wp\/v2\/media?parent=355"}],"curies":[{"name":"wp","href":"https:\/\/api.w.org\/{rel}","templated":true}]}}