{"id":479,"date":"2023-02-24T15:30:15","date_gmt":"2023-02-24T14:30:15","guid":{"rendered":"http:\/\/www.cortesi.ch\/?page_id=479"},"modified":"2023-02-24T15:30:15","modified_gmt":"2023-02-24T14:30:15","slug":"opposition","status":"publish","type":"page","link":"http:\/\/www.cortesi.ch\/index.php\/opposition\/","title":{"rendered":"Opposition"},"content":{"rendered":"\n<figure class=\"wp-block-table is-style-stripes\"><table><tbody><tr><td>Starker Aspekt<br>Entfernung der beteiligten Planeten: 180\u00b0<br>Symbol: <img loading=\"lazy\" decoding=\"async\" width=\"21\" height=\"23\" class=\"wp-image-456\" style=\"width: 21px;\" src=\"http:\/\/www.cortesi.ch\/wp-content\/uploads\/2023\/02\/opp.gif\" alt=\"\"><\/td><td><img loading=\"lazy\" decoding=\"async\" width=\"150\" height=\"99\" class=\"wp-image-492\" style=\"width: 150px;\" src=\"http:\/\/www.cortesi.ch\/wp-content\/uploads\/2023\/02\/wi_opp.gif\" alt=\"\"><\/td><\/tr><\/tbody><\/table><\/figure>\n\n\n\n<p><strong>Die zwei beteiligten Planeten stehen in einem gespannten Verh\u00e4ltnis zueinander.<\/strong><\/p>\n\n\n\n<p>Zwei Planeten stehen sich im gr\u00f6\u00dftm\u00f6glichen Abstand in gegens\u00e4tzlichen Zeichen und H\u00e4usern gegen\u00fcber. Sie werden entweder als innere Gegens\u00e4tze erlebt, oder man identifiziert sich mit dem einen Teil, versucht den anderen aus dem Bewu\u00dftsein zu verdr\u00e4ngen und begegnet ihm in Form von \u00e4u\u00dferen Situationen wieder. Die dadurch erzeugte Spannung wirkt als Motivation, im Laufe des Lebens aus den inneren Gegens\u00e4tzen ein Sowohl-als-auch zu entwickeln.<\/p>\n","protected":false},"excerpt":{"rendered":"<p>Starker AspektEntfernung der beteiligten Planeten: 180\u00b0Symbol: Die zwei beteiligten Planeten stehen in einem gespannten Verh\u00e4ltnis zueinander. Zwei Planeten stehen sich im gr\u00f6\u00dftm\u00f6glichen Abstand in gegens\u00e4tzlichen Zeichen und H\u00e4usern gegen\u00fcber. Sie werden entweder als innere Gegens\u00e4tze erlebt, oder man identifiziert sich mit dem einen Teil, versucht den anderen aus dem Bewu\u00dftsein zu verdr\u00e4ngen und begegnet ihm [&hellip;]<\/p>\n","protected":false},"author":1,"featured_media":0,"parent":0,"menu_order":0,"comment_status":"closed","ping_status":"closed","template":"","meta":{"footnotes":""},"class_list":["post-479","page","type-page","status-publish","hentry"],"_links":{"self":[{"href":"http:\/\/www.cortesi.ch\/index.php\/wp-json\/wp\/v2\/pages\/479","targetHints":{"allow":["GET"]}}],"collection":[{"href":"http:\/\/www.cortesi.ch\/index.php\/wp-json\/wp\/v2\/pages"}],"about":[{"href":"http:\/\/www.cortesi.ch\/index.php\/wp-json\/wp\/v2\/types\/page"}],"author":[{"embeddable":true,"href":"http:\/\/www.cortesi.ch\/index.php\/wp-json\/wp\/v2\/users\/1"}],"replies":[{"embeddable":true,"href":"http:\/\/www.cortesi.ch\/index.php\/wp-json\/wp\/v2\/comments?post=479"}],"version-history":[{"count":2,"href":"http:\/\/www.cortesi.ch\/index.php\/wp-json\/wp\/v2\/pages\/479\/revisions"}],"predecessor-version":[{"id":493,"href":"http:\/\/www.cortesi.ch\/index.php\/wp-json\/wp\/v2\/pages\/479\/revisions\/493"}],"wp:attachment":[{"href":"http:\/\/www.cortesi.ch\/index.php\/wp-json\/wp\/v2\/media?parent=479"}],"curies":[{"name":"wp","href":"https:\/\/api.w.org\/{rel}","templated":true}]}}