{"id":494,"date":"2023-02-24T15:15:29","date_gmt":"2023-02-24T14:15:29","guid":{"rendered":"http:\/\/www.cortesi.ch\/?page_id=494"},"modified":"2023-02-24T16:33:54","modified_gmt":"2023-02-24T15:33:54","slug":"verwandtschaften-zwischen-zeichen-planeten-und-haeusern","status":"publish","type":"page","link":"http:\/\/www.cortesi.ch\/index.php\/verwandtschaften-zwischen-zeichen-planeten-und-haeusern\/","title":{"rendered":"&#8222;Verwandtschaften&#8220; zwischen Zeichen, Planeten und H\u00e4usern"},"content":{"rendered":"\n<p><a href=\"http:\/\/www.cortesi.ch\/index.php\/astrologisches\/der-tierkreis\/\" data-type=\"page\" data-id=\"309\"><strong>Tierkreiszeichen<\/strong> <\/a><strong>beschreiben Charaktereigenschaften wie mutig, stolz, einf\u00fchlsam, diplomatisch usw.<\/strong><\/p>\n\n\n\n<p><strong><a href=\"http:\/\/www.cortesi.ch\/index.php\/astrologisches\/die-planeten\/\" data-type=\"page\" data-id=\"409\">Planeten\u00a0<\/a>stehen f\u00fcr Teilaspekte der menschlichen Pers\u00f6nlichkeit wie Wille, Gef\u00fchle, Verstand usw.<\/strong><\/p>\n\n\n\n<p><strong><a href=\"http:\/\/www.cortesi.ch\/index.php\/astrologisches\/die-haeuser\/\" data-type=\"page\" data-id=\"406\">H\u00e4user\u00a0<\/a>entsprechen Lebensbereiche wie Beruf, Beziehung, Vergn\u00fcgen usw.<\/strong><\/p>\n\n\n\n<p><br>Zwischen Tierkreiszeichen, Planeten und H\u00e4usern gibt es &#8222;Verwandtschaften&#8220;. Das Tierkreiszeichen Waage ist anpassungsf\u00e4hig, diplomatisch und liebensw\u00fcrdig, der Planet Venus steht f\u00fcr die Seite im Menschen, die Harmonie und N\u00e4he braucht und schafft, und das siebte Haus entspricht dem Lebensbereich Partnerschaft.<\/p>\n\n\n\n<p><strong><br>\u00dcbersicht \u00fcber &#8222;Verwandtschaften&#8220; zwischen Zeichen, Planeten und H\u00e4usern:<\/strong><\/p>\n\n\n\n<figure class=\"wp-block-table\"><table><tbody><tr><td><strong><em>Symbol<\/em><\/strong><\/td><td><strong><em>Zeichen<\/em><\/strong><\/td><td><strong><em>Symbol<\/em><\/strong><\/td><td><strong><em>Planet<\/em><\/strong><\/td><td><strong><em>Haus<\/em><\/strong><\/td><\/tr><tr><td><img loading=\"lazy\" decoding=\"async\" width=\"53\" height=\"49\" class=\"wp-image-319\" style=\"width: 53px;\" src=\"http:\/\/www.cortesi.ch\/wp-content\/uploads\/2023\/02\/widder_f.gif\" alt=\"\"><\/td><td><a href=\"http:\/\/www.cortesi.ch\/index.php\/das-tierkreiszeichen-widder\/\" data-type=\"page\" data-id=\"335\">Widder<\/a><\/td><td><img loading=\"lazy\" decoding=\"async\" width=\"49\" height=\"49\" class=\"wp-image-411\" style=\"width: 49px;\" src=\"http:\/\/www.cortesi.ch\/wp-content\/uploads\/2023\/02\/mars.gif\" alt=\"\"><\/td><td><a href=\"http:\/\/www.cortesi.ch\/index.php\/mars\/\" data-type=\"page\" data-id=\"429\">Mars<\/a><\/td><td><a href=\"http:\/\/www.cortesi.ch\/index.php\/das-erste-haus\/\" data-type=\"page\" data-id=\"364\">Erstes Haus<\/a><\/td><\/tr><tr><td><img loading=\"lazy\" decoding=\"async\" width=\"53\" height=\"49\" class=\"wp-image-320\" style=\"width: 53px;\" src=\"http:\/\/www.cortesi.ch\/wp-content\/uploads\/2023\/02\/stier_f.gif\" alt=\"\"><\/td><td><a href=\"http:\/\/www.cortesi.ch\/index.php\/das-tierkreiszeichen-stier\/\" data-type=\"page\" data-id=\"337\">Stier<\/a><\/td><td><img loading=\"lazy\" decoding=\"async\" width=\"49\" height=\"49\" class=\"wp-image-410\" style=\"width: 49px;\" src=\"http:\/\/www.cortesi.ch\/wp-content\/uploads\/2023\/02\/venus.gif\" alt=\"\"><\/td><td><a href=\"http:\/\/www.cortesi.ch\/index.php\/venus\/\" data-type=\"page\" data-id=\"427\">Venus<\/a><\/td><td><a href=\"http:\/\/www.cortesi.ch\/index.php\/das-zweite-haus\/\" data-type=\"page\" data-id=\"367\">Zweites Haus<\/a><\/td><\/tr><tr><td><img loading=\"lazy\" decoding=\"async\" width=\"53\" height=\"47\" class=\"wp-image-321\" style=\"width: 53px;\" src=\"http:\/\/www.cortesi.ch\/wp-content\/uploads\/2023\/02\/Zwilling_f.gif\" alt=\"\"><\/td><td><a href=\"http:\/\/www.cortesi.ch\/index.php\/das-tierkreiszeichen-zwillinge\/\" data-type=\"page\" data-id=\"341\">Zwillinge<\/a><\/td><td><img loading=\"lazy\" decoding=\"async\" width=\"49\" height=\"49\" class=\"wp-image-317\" style=\"width: 49px;\" src=\"http:\/\/www.cortesi.ch\/wp-content\/uploads\/2023\/02\/merkur.gif\" alt=\"\"><\/td><td><a href=\"http:\/\/www.cortesi.ch\/index.php\/merkur\/\" data-type=\"page\" data-id=\"425\">Merkur<\/a><\/td><td><a href=\"http:\/\/www.cortesi.ch\/index.php\/das-dritte-haus\/\" data-type=\"page\" data-id=\"370\">Drittes Haus<\/a><\/td><\/tr><tr><td><img loading=\"lazy\" decoding=\"async\" width=\"49\" height=\"49\" class=\"wp-image-325\" style=\"width: 49px;\" src=\"http:\/\/www.cortesi.ch\/wp-content\/uploads\/2023\/02\/krebs_f.gif\" alt=\"\"><\/td><td><a href=\"http:\/\/www.cortesi.ch\/index.php\/das-tierkreiszeichen-krebs\/\" data-type=\"page\" data-id=\"343\">Krebs<\/a><\/td><td><img loading=\"lazy\" decoding=\"async\" width=\"49\" height=\"49\" class=\"wp-image-316\" style=\"width: 49px;\" src=\"http:\/\/www.cortesi.ch\/wp-content\/uploads\/2023\/02\/mond.gif\" alt=\"\"><\/td><td><a href=\"http:\/\/www.cortesi.ch\/index.php\/der-mond\/\" data-type=\"page\" data-id=\"423\">Mond<\/a><\/td><td><a href=\"http:\/\/www.cortesi.ch\/index.php\/das-vierte-haus\/\" data-type=\"page\" data-id=\"377\">Viertes Haus<\/a><\/td><\/tr><tr><td><img loading=\"lazy\" decoding=\"async\" width=\"49\" height=\"49\" class=\"wp-image-326\" style=\"width: 49px;\" src=\"http:\/\/www.cortesi.ch\/wp-content\/uploads\/2023\/02\/loewe_f.gif\" alt=\"\"><\/td><td><a href=\"http:\/\/www.cortesi.ch\/index.php\/das-tierkreiszeichen-loewe\/\" data-type=\"page\" data-id=\"345\">L\u00f6we<\/a><\/td><td><img loading=\"lazy\" decoding=\"async\" width=\"49\" height=\"49\" class=\"wp-image-314\" style=\"width: 49px;\" src=\"http:\/\/www.cortesi.ch\/wp-content\/uploads\/2023\/02\/sonne.gif\" alt=\"\"><\/td><td><a href=\"http:\/\/www.cortesi.ch\/index.php\/die-sonne\/\" data-type=\"page\" data-id=\"421\">Sonne<\/a><\/td><td><a href=\"http:\/\/www.cortesi.ch\/index.php\/das-fuenfte-haus\/\" data-type=\"page\" data-id=\"381\">F\u00fcnftes Haus<\/a><\/td><\/tr><tr><td><img loading=\"lazy\" decoding=\"async\" width=\"49\" height=\"49\" class=\"wp-image-327\" style=\"width: 49px;\" src=\"http:\/\/www.cortesi.ch\/wp-content\/uploads\/2023\/02\/Jungfrau_f.gif\" alt=\"\"><\/td><td><a href=\"http:\/\/www.cortesi.ch\/index.php\/das-tierkreiszeichen-jungfrau\/\" data-type=\"page\" data-id=\"347\">Jungfrau<\/a><\/td><td><img loading=\"lazy\" decoding=\"async\" width=\"49\" height=\"49\" class=\"wp-image-317\" style=\"width: 49px;\" src=\"http:\/\/www.cortesi.ch\/wp-content\/uploads\/2023\/02\/merkur.gif\" alt=\"\"><\/td><td><a href=\"http:\/\/www.cortesi.ch\/index.php\/merkur\/\" data-type=\"page\" data-id=\"425\">Merkur<\/a><\/td><td><a href=\"http:\/\/www.cortesi.ch\/index.php\/das-sechste-haus\/\" data-type=\"page\" data-id=\"384\">Sechstes Haus<\/a><\/td><\/tr><tr><td><img loading=\"lazy\" decoding=\"async\" width=\"49\" height=\"49\" class=\"wp-image-328\" style=\"width: 49px;\" src=\"http:\/\/www.cortesi.ch\/wp-content\/uploads\/2023\/02\/waage_f.gif\" alt=\"\"><\/td><td><a href=\"http:\/\/www.cortesi.ch\/index.php\/das-tierkreiszeichen-waage\/\" data-type=\"page\" data-id=\"349\">Waage<\/a><\/td><td><img loading=\"lazy\" decoding=\"async\" width=\"49\" height=\"49\" class=\"wp-image-410\" style=\"width: 49px;\" src=\"http:\/\/www.cortesi.ch\/wp-content\/uploads\/2023\/02\/venus.gif\" alt=\"\"><\/td><td><a href=\"http:\/\/www.cortesi.ch\/index.php\/venus\/\" data-type=\"page\" data-id=\"427\">Venus<\/a><\/td><td><a href=\"http:\/\/www.cortesi.ch\/index.php\/das-siebte-haus\/\" data-type=\"page\" data-id=\"388\">Siebtes Haus<\/a><\/td><\/tr><tr><td><img loading=\"lazy\" decoding=\"async\" width=\"49\" height=\"49\" class=\"wp-image-329\" style=\"width: 49px;\" src=\"http:\/\/www.cortesi.ch\/wp-content\/uploads\/2023\/02\/Skorpion_f.gif\" alt=\"\"><\/td><td><a href=\"http:\/\/www.cortesi.ch\/index.php\/das-tierkreiszeichen-skorpion\/\" data-type=\"page\" data-id=\"351\">Skorpion<\/a><\/td><td><img loading=\"lazy\" decoding=\"async\" width=\"49\" height=\"49\" class=\"wp-image-416\" style=\"width: 49px;\" src=\"http:\/\/www.cortesi.ch\/wp-content\/uploads\/2023\/02\/pluto.gif\" alt=\"\"><\/td><td><a href=\"http:\/\/www.cortesi.ch\/index.php\/pluto\/\" data-type=\"page\" data-id=\"439\">Pluto<\/a><\/td><td><a href=\"http:\/\/www.cortesi.ch\/index.php\/das-achte-haus\/\" data-type=\"page\" data-id=\"391\">Achtes Haus<\/a><\/td><\/tr><tr><td><img loading=\"lazy\" decoding=\"async\" width=\"49\" height=\"49\" class=\"wp-image-330\" style=\"width: 49px;\" src=\"http:\/\/www.cortesi.ch\/wp-content\/uploads\/2023\/02\/Schuetze_f.gif\" alt=\"\"><\/td><td><a href=\"http:\/\/www.cortesi.ch\/index.php\/das-tierkreiszeichen-schuetze\/\" data-type=\"page\" data-id=\"353\">Sch\u00fctze<\/a><\/td><td><img loading=\"lazy\" decoding=\"async\" width=\"49\" height=\"49\" class=\"wp-image-412\" style=\"width: 49px;\" src=\"http:\/\/www.cortesi.ch\/wp-content\/uploads\/2023\/02\/jupiter.gif\" alt=\"\"><\/td><td><a href=\"http:\/\/www.cortesi.ch\/index.php\/jupiter\/\" data-type=\"page\" data-id=\"431\">Jupiter<\/a><\/td><td><a href=\"http:\/\/www.cortesi.ch\/index.php\/das-neunte-haus\/\" data-type=\"page\" data-id=\"394\">Neuntes Haus<\/a><\/td><\/tr><tr><td><img loading=\"lazy\" decoding=\"async\" width=\"49\" height=\"49\" class=\"wp-image-331\" style=\"width: 49px;\" src=\"http:\/\/www.cortesi.ch\/wp-content\/uploads\/2023\/02\/Steinbock_f.gif\" alt=\"\"><\/td><td><a href=\"http:\/\/www.cortesi.ch\/index.php\/das-tierkreiszeichen-steinbock\/\" data-type=\"page\" data-id=\"355\">Steinbock<\/a><\/td><td><img loading=\"lazy\" decoding=\"async\" width=\"49\" height=\"49\" class=\"wp-image-413\" style=\"width: 49px;\" src=\"http:\/\/www.cortesi.ch\/wp-content\/uploads\/2023\/02\/saturn.gif\" alt=\"\"><\/td><td><a href=\"http:\/\/www.cortesi.ch\/index.php\/saturn\/\" data-type=\"page\" data-id=\"433\">Saturn<\/a><\/td><td><a href=\"http:\/\/www.cortesi.ch\/index.php\/das-zehnte-haus\/\" data-type=\"page\" data-id=\"397\">Zehntes Haus<\/a><\/td><\/tr><tr><td><img loading=\"lazy\" decoding=\"async\" width=\"49\" height=\"49\" class=\"wp-image-332\" style=\"width: 49px;\" src=\"http:\/\/www.cortesi.ch\/wp-content\/uploads\/2023\/02\/Wassermann_f.gif\" alt=\"\"><\/td><td><a href=\"http:\/\/www.cortesi.ch\/index.php\/das-tierkreiszeichen-wassermann\/\" data-type=\"page\" data-id=\"357\">Wassermann<\/a><\/td><td><img loading=\"lazy\" decoding=\"async\" width=\"49\" height=\"49\" class=\"wp-image-415\" style=\"width: 49px;\" src=\"http:\/\/www.cortesi.ch\/wp-content\/uploads\/2023\/02\/uranus.gif\" alt=\"\"><\/td><td><a href=\"http:\/\/www.cortesi.ch\/index.php\/uranus\/\" data-type=\"page\" data-id=\"435\">Uranus<\/a><\/td><td><a href=\"http:\/\/www.cortesi.ch\/index.php\/das-elfte-haus\/\" data-type=\"page\" data-id=\"400\">Elftes Haus<\/a><\/td><\/tr><tr><td><img loading=\"lazy\" decoding=\"async\" width=\"49\" height=\"49\" class=\"wp-image-333\" style=\"width: 49px;\" src=\"http:\/\/www.cortesi.ch\/wp-content\/uploads\/2023\/02\/fische_f.gif\" alt=\"\"><\/td><td><a href=\"http:\/\/www.cortesi.ch\/index.php\/das-tierkreiszeichen-fische\/\" data-type=\"page\" data-id=\"359\">Fische<\/a><\/td><td><img loading=\"lazy\" decoding=\"async\" width=\"49\" height=\"49\" class=\"wp-image-414\" style=\"width: 49px;\" src=\"http:\/\/www.cortesi.ch\/wp-content\/uploads\/2023\/02\/neptun.gif\" alt=\"\"><\/td><td><a href=\"http:\/\/www.cortesi.ch\/index.php\/neptun\/\" data-type=\"page\" data-id=\"437\">Neptun<\/a><\/td><td><a href=\"http:\/\/www.cortesi.ch\/index.php\/das-zwoelfte-haus\/\" data-type=\"page\" data-id=\"403\">Zw\u00f6lftes Haus<\/a><\/td><\/tr><\/tbody><\/table><\/figure>\n\n\n\n<p><\/p>\n","protected":false},"excerpt":{"rendered":"<p>Tierkreiszeichen beschreiben Charaktereigenschaften wie mutig, stolz, einf\u00fchlsam, diplomatisch usw. Planeten\u00a0stehen f\u00fcr Teilaspekte der menschlichen Pers\u00f6nlichkeit wie Wille, Gef\u00fchle, Verstand usw. H\u00e4user\u00a0entsprechen Lebensbereiche wie Beruf, Beziehung, Vergn\u00fcgen usw. Zwischen Tierkreiszeichen, Planeten und H\u00e4usern gibt es &#8222;Verwandtschaften&#8220;. Das Tierkreiszeichen Waage ist anpassungsf\u00e4hig, diplomatisch und liebensw\u00fcrdig, der Planet Venus steht f\u00fcr die Seite im Menschen, die Harmonie und [&hellip;]<\/p>\n","protected":false},"author":1,"featured_media":0,"parent":0,"menu_order":0,"comment_status":"closed","ping_status":"closed","template":"","meta":{"footnotes":""},"class_list":["post-494","page","type-page","status-publish","hentry"],"_links":{"self":[{"href":"http:\/\/www.cortesi.ch\/index.php\/wp-json\/wp\/v2\/pages\/494","targetHints":{"allow":["GET"]}}],"collection":[{"href":"http:\/\/www.cortesi.ch\/index.php\/wp-json\/wp\/v2\/pages"}],"about":[{"href":"http:\/\/www.cortesi.ch\/index.php\/wp-json\/wp\/v2\/types\/page"}],"author":[{"embeddable":true,"href":"http:\/\/www.cortesi.ch\/index.php\/wp-json\/wp\/v2\/users\/1"}],"replies":[{"embeddable":true,"href":"http:\/\/www.cortesi.ch\/index.php\/wp-json\/wp\/v2\/comments?post=494"}],"version-history":[{"count":2,"href":"http:\/\/www.cortesi.ch\/index.php\/wp-json\/wp\/v2\/pages\/494\/revisions"}],"predecessor-version":[{"id":509,"href":"http:\/\/www.cortesi.ch\/index.php\/wp-json\/wp\/v2\/pages\/494\/revisions\/509"}],"wp:attachment":[{"href":"http:\/\/www.cortesi.ch\/index.php\/wp-json\/wp\/v2\/media?parent=494"}],"curies":[{"name":"wp","href":"https:\/\/api.w.org\/{rel}","templated":true}]}}