{"id":539,"date":"2023-02-27T08:42:10","date_gmt":"2023-02-27T07:42:10","guid":{"rendered":"http:\/\/www.cortesi.ch\/?page_id=539"},"modified":"2023-03-01T08:24:17","modified_gmt":"2023-03-01T07:24:17","slug":"die-praezession-und-das-wassermannzeitalter","status":"publish","type":"page","link":"http:\/\/www.cortesi.ch\/index.php\/die-praezession-und-das-wassermannzeitalter\/","title":{"rendered":"Die Pr\u00e4zession und das Wassermannzeitalter"},"content":{"rendered":"\n<p>Die rotierende Erde ist mit einem Kreisel vergleichbar. Wenn Sie einen Spielzeugkreisel drehen, sehen Sie, da\u00df sich der Kreisel nicht nur um die eigene Achse dreht, sondern zus\u00e4tzlich in einer relativ langsamen Bewegung einen Kreis beschreibt. Ebenso rotiert die Erdachse um sich selbst und bewegt sich zus\u00e4tzlich in einem Kreis. Die Erdachse vollendet in ca. 26&#8217;000 Jahren oder einem Platonischen Weltenjahr diese kreiself\u00f6rmige Bewegung.<\/p>\n\n\n\n<p>Da sich die Erde dreht und mit ihr die Tierkreiszeichen, die Sternbilder aber Fixsterne sind, verschiebt sich der gesamte Tierkreis alle 2160 Jahre um ein Sternbild. Mit andern Worten: der Fr\u00fchlingspunkt (Sonnenstand bei Fr\u00fchjahrs-Tag-und-Nacht-Gleiche) wandert vor dem Hintergrund des Sternenhimmels in durchschnittlich 2160 Jahren um 30\u00b0 oder um ein Sternbild r\u00fcckw\u00e4rts auf der Ekliptik.<\/p>\n\n\n\n<p>Vor etwas mehr als 2000 Jahren stand der Fr\u00fchlingspunkt am Beginn des Sternbildes Widder. In den zwei Jahrtausenden wanderte er r\u00fcckw\u00e4rts durch das Sternbild Fische. Heute steht er zwischen den Sternbildern Fische und Wassermann. Die Astrologen sprechen deshalb von einem \u00dcbergang ins&nbsp;Wassermannzeitalter.<\/p>\n\n\n\n<p>Aus astrologischer Sicht befinden wir uns mitten im Umbruch zu einer neuen \u00c4ra. Das kommende Wassermannzeitalter wurde schon in den sp\u00e4ten 60er Jahren besungen. Das Musical &#8222;Hair&#8220; feierte den Anbruch einer neuen und besseren Welt, mit mehr Offenheit und Toleranz unter den Menschen.<\/p>\n\n\n\n<p><strong>Wann beginnt das Wassermannzeitalter?<\/strong><br>Das Zeitalter des Wassermanns folgt auf das Zeitalter der Fische, das ungef\u00e4hr zur Zeit Christi begann und in enger Beziehung zum Aufstieg des Christentums steht. Heute liegt der Fr\u00fchlingspunkt zwischen den Sternbildern Fische und Wassermann. Die Astrologen sprechen deshalb von einem \u00dcbergang ins Wassermannzeitalter. Der genaue Zeitpunkt des Wechsels ist aber umstritten. Astrologen sprechen von einem \u00dcbergangszeitraum, der in den sechziger Jahren begonnen hat und noch einige Jahrzehnte des neuen Jahrtausends andauert.<\/p>\n\n\n\n<p><strong>Was verspricht das Wassermannzeitalter?<\/strong><br>Das Zeitalter des Wassermanns verspricht eine \u00c4ra des Nonkonformismus und des Individualismus zu werden. Es wird gepr\u00e4gt von Eigenschaften wie Toleranz, Offenheit und Weltb\u00fcrgertum. Der Teamgeist des Wassermannzeitalters wird sich nicht nur in Forschung und Wissenschaft innovativ auswirken, der neue Zeitgeist wird auch die Menschheit erfassen. Das Wassermannzeitalter f\u00f6rdert eine weltweite Vernetzung und Globalisierung. Es schafft die Basis, um die Probleme der Menschheit weltweit gemeinsam anzugehen.<\/p>\n\n\n\n<p>Mit dem Individualismus f\u00f6rdert es jedoch auch ein gef\u00e4hrliches egoistisches Denken. Ob mit diesem Zeitalter auch das Ende der Kriege kommen wird, wie Optimisten meinen, steht nicht in den Sternen geschrieben.<\/p>\n\n\n\n<p><strong>Das war das Fischezeitalter<\/strong><br>Das Fischezeitalter wurde gepr\u00e4gt vom Christentum und einem Weltbild, das stark auf das Leben nach dem Tod ausgerichtet war. Mit der Hoffnung auf ein Paradies im Jenseits schickte man sich in ein bitteres Los im Dieseits. Die Menschen waren \u00fcber Jahrhunderte bereit und f\u00e4hig, das Leben hinzunehmen, wie es war. Die Kraft dazu fanden sie in ihrer inneren Welt, in der Religion und der Mystik.<\/p>\n\n\n\n<p><a href=\"http:\/\/www.cortesi.ch\/index.php\/tierkreiszeichen-oder-sternbilder\/\" data-type=\"page\" data-id=\"533\">mehr \u00fcber Tierkreiszeichen und Sternbilder<\/a><br><a href=\"http:\/\/www.cortesi.ch\/index.php\/geschichte-der-astrologie\/\" data-type=\"page\" data-id=\"541\">mehr \u00fcber die Geschichtedes Tierkreises<\/a><\/p>\n","protected":false},"excerpt":{"rendered":"<p>Die rotierende Erde ist mit einem Kreisel vergleichbar. Wenn Sie einen Spielzeugkreisel drehen, sehen Sie, da\u00df sich der Kreisel nicht nur um die eigene Achse dreht, sondern zus\u00e4tzlich in einer relativ langsamen Bewegung einen Kreis beschreibt. Ebenso rotiert die Erdachse um sich selbst und bewegt sich zus\u00e4tzlich in einem Kreis. Die Erdachse vollendet in ca. [&hellip;]<\/p>\n","protected":false},"author":1,"featured_media":0,"parent":0,"menu_order":0,"comment_status":"closed","ping_status":"closed","template":"","meta":{"footnotes":""},"class_list":["post-539","page","type-page","status-publish","hentry"],"_links":{"self":[{"href":"http:\/\/www.cortesi.ch\/index.php\/wp-json\/wp\/v2\/pages\/539","targetHints":{"allow":["GET"]}}],"collection":[{"href":"http:\/\/www.cortesi.ch\/index.php\/wp-json\/wp\/v2\/pages"}],"about":[{"href":"http:\/\/www.cortesi.ch\/index.php\/wp-json\/wp\/v2\/types\/page"}],"author":[{"embeddable":true,"href":"http:\/\/www.cortesi.ch\/index.php\/wp-json\/wp\/v2\/users\/1"}],"replies":[{"embeddable":true,"href":"http:\/\/www.cortesi.ch\/index.php\/wp-json\/wp\/v2\/comments?post=539"}],"version-history":[{"count":3,"href":"http:\/\/www.cortesi.ch\/index.php\/wp-json\/wp\/v2\/pages\/539\/revisions"}],"predecessor-version":[{"id":639,"href":"http:\/\/www.cortesi.ch\/index.php\/wp-json\/wp\/v2\/pages\/539\/revisions\/639"}],"wp:attachment":[{"href":"http:\/\/www.cortesi.ch\/index.php\/wp-json\/wp\/v2\/media?parent=539"}],"curies":[{"name":"wp","href":"https:\/\/api.w.org\/{rel}","templated":true}]}}