{"id":545,"date":"2023-02-27T08:56:25","date_gmt":"2023-02-27T07:56:25","guid":{"rendered":"http:\/\/www.cortesi.ch\/?page_id=545"},"modified":"2023-03-01T08:32:38","modified_gmt":"2023-03-01T07:32:38","slug":"was-sind-transite","status":"publish","type":"page","link":"http:\/\/www.cortesi.ch\/index.php\/was-sind-transite\/","title":{"rendered":"Was sind Transite?"},"content":{"rendered":"\n<p>In einem Transithoroskop wird das individuelle Geburtshoroskop mit den Gestirnskonstellationen einer beliebigen Zeit, in der Regel der Gegenwart oder Zukunft, verglichen. Man setzt gewissermassen zwei Horoskope aufeinander und analysiert die Beziehungen zwischen den Planeten der beiden Horoskope.<br><br>Will man Transite f\u00fcr einen Menschen \u00fcber eine l\u00e4nger Zeit, z.B. \u00fcber ein Jahr berechnen, so vergleicht man sein fixes Geburtshoroskop mit den laufenden Planeten am Himmel. Man sucht unter anderem nach Planeten, die innerhalb des zu untersuchenden Zeitraums \u00fcber Gradpositionen im Tierkreis laufen, auf denen im Geburtshoroskop Planeten stehen.<br><br>Ein Beispiel: In einem Geburtshoroskop steht der Aszendent im Tierkreiszeichen Krebs. Die Sonne durchwandert den Tierkreis einmal j\u00e4hrlich. Einmal pro Jahr in Juni\/Juli l\u00e4uft sie auch durch das Tierkreiszeichen Krebs und somit \u00fcber den Aszendenten des Menschen, der einen Krebs-Aszendenten hat. Dies ist ein Transit. In der Fachsprache sagt man:<br><br><strong>&#8222;Die Transit-Sonne steht in Konjunktion zum Radix-Aszendenten&#8220;<\/strong><br>oder k\u00fcrzer:<br><strong>&#8222;Sonne Konjunktion Aszendent&#8220;<\/strong><br><br>Planetenpositionen lassen sich f\u00fcr jeden beliebigen Zeitpunkt in Vergangenheit, Gegenwart und Zukunft berechnen. Aus Erfahrung weiss man, dass bestimmte Planetenkonstellationen gewisse pers\u00f6nliche Tendenzen und Stimmungen verst\u00e4rken. Auf dieser Basis beruhen astrologische\u00a0<a href=\"http:\/\/www.cortesi.ch\/index.php\/wie-gut-sind-astrologische-prognosen\/\" data-type=\"page\" data-id=\"528\">Prognosen<\/a>.<br><br>Da die Bahnen der Planeten aus der Sicht der Erde sehr viel komplexer sind als der Lauf der Sonne durch den Tierkreis, sind Zeitpunkt und Dauer der Wirksamkeit der Transite sehr unterschiedlich.<\/p>\n\n\n\n<div style=\"height:10px\" aria-hidden=\"true\" class=\"wp-block-spacer\"><\/div>\n\n\n\n<p><strong>Wann ist ein Transit ein wichtiger Transit?<\/strong><\/p>\n\n\n\n<p><a href=\"http:\/\/www.cortesi.ch\/index.php\/was-sind-transite\/\" data-type=\"page\" data-id=\"545\">Transite\u00a0<\/a>sind \u00dcberg\u00e4nge von laufenden Planeten \u00fcber fixe Planeten und Punkte im Geburtshoroskop.<\/p>\n\n\n\n<p>Sonne, Mond und die Planeten durchwandern den Tierkreis unterschiedlich schnell. Der Mond braucht mit 28 Tagen die k\u00fcrzeste Umlaufzeit, der Pluto mit ca. 250 Jahren die l\u00e4ngste. Der Pluto l\u00e4uft somit durchschnittlich mehr als 3000 mal langsamer durch den Tierkreis als der Mond. Der Pluto steht \u00fcber Monate auf demselben Tierkreisgrad, der Mond durchschnittlich etwa 2 Stunden. Sonne, Merkur und Venus brauchen ungef\u00e4hr einen Tag pro Tierkreisgrad, Mars und Jupiter mehrere Tage, Saturn, Uranus und Neptun mehrere Wochen bis Monate.<\/p>\n\n\n\n<p>Wenn nun Pluto z.B. \u00fcber die Stelle im Tierkreis l\u00e4uft, an der Ihr Aszendent steht, so dauert dies Monate. L\u00e4uft der Mond \u00fcber dieselbe Stelle, so braucht er dazu ein paar Stunden. Ein langsamer Planet wie Pluto oder auch Neptun, Uranus und Saturn, hat eine viel nachhaltigere Wirkung als ein schneller Planet, weil er lange Zeit auf Ihren Aszendenten &#8222;einwirkt&#8220;. Das vom langsamen Planeten symbolisierte Thema ist \u00fcber Monate aktuell und zeigt in der Regel viel tiefere Auswirkungen auf Ihr Leben als ein schneller Planet.<\/p>\n\n\n\n<p>Daraus folgt:<br><strong>Je l\u00e4nger ein Transitthema aktuell ist, desto wichtiger ist es.<\/strong><\/p>\n","protected":false},"excerpt":{"rendered":"<p>In einem Transithoroskop wird das individuelle Geburtshoroskop mit den Gestirnskonstellationen einer beliebigen Zeit, in der Regel der Gegenwart oder Zukunft, verglichen. Man setzt gewissermassen zwei Horoskope aufeinander und analysiert die Beziehungen zwischen den Planeten der beiden Horoskope. Will man Transite f\u00fcr einen Menschen \u00fcber eine l\u00e4nger Zeit, z.B. \u00fcber ein Jahr berechnen, so vergleicht man [&hellip;]<\/p>\n","protected":false},"author":1,"featured_media":0,"parent":0,"menu_order":0,"comment_status":"closed","ping_status":"closed","template":"","meta":{"footnotes":""},"class_list":["post-545","page","type-page","status-publish","hentry"],"_links":{"self":[{"href":"http:\/\/www.cortesi.ch\/index.php\/wp-json\/wp\/v2\/pages\/545","targetHints":{"allow":["GET"]}}],"collection":[{"href":"http:\/\/www.cortesi.ch\/index.php\/wp-json\/wp\/v2\/pages"}],"about":[{"href":"http:\/\/www.cortesi.ch\/index.php\/wp-json\/wp\/v2\/types\/page"}],"author":[{"embeddable":true,"href":"http:\/\/www.cortesi.ch\/index.php\/wp-json\/wp\/v2\/users\/1"}],"replies":[{"embeddable":true,"href":"http:\/\/www.cortesi.ch\/index.php\/wp-json\/wp\/v2\/comments?post=545"}],"version-history":[{"count":3,"href":"http:\/\/www.cortesi.ch\/index.php\/wp-json\/wp\/v2\/pages\/545\/revisions"}],"predecessor-version":[{"id":644,"href":"http:\/\/www.cortesi.ch\/index.php\/wp-json\/wp\/v2\/pages\/545\/revisions\/644"}],"wp:attachment":[{"href":"http:\/\/www.cortesi.ch\/index.php\/wp-json\/wp\/v2\/media?parent=545"}],"curies":[{"name":"wp","href":"https:\/\/api.w.org\/{rel}","templated":true}]}}