{"id":72,"date":"2022-12-20T08:53:35","date_gmt":"2022-12-20T07:53:35","guid":{"rendered":"http:\/\/www.cortesi.ch\/?page_id=72"},"modified":"2026-03-01T15:54:58","modified_gmt":"2026-03-01T14:54:58","slug":"persoenlichkeitsanalyse","status":"publish","type":"page","link":"http:\/\/www.cortesi.ch\/index.php\/persoenlichkeitsanalysen\/persoenlichkeitsanalyse\/","title":{"rendered":"Pers\u00f6nlichkeitsanalyse"},"content":{"rendered":"\n<h5 class=\"wp-block-heading\">Entfaltung der pers\u00f6nlichkeit<\/h5>\n\n\n\n<p>Autorin: Anita Cortesi<\/p>\n\n\n\n<p>Astrologische Pers\u00f6nlichkeitsanalysen beschreiben&nbsp;das&nbsp;Pers\u00f6nlichkeitsprofil eines Menschen, seinen Charakter und sein Potential aufgrund der astrologischen Konstellationen zum Zeitpunkt der Geburt.<\/p>\n\n\n\n<p>Das Besondere an der Analyse &#8222;Entfaltung der Pers\u00f6nlichkeit&#8220;:<\/p>\n\n\n\n<ul class=\"wp-block-list\">\n<li>Sie ermittelt Ihre zentralen Charakterz\u00fcge, sozusagen den &#8222;Roten Faden&#8220;<\/li>\n\n\n\n<li>und beschreibt diese in einer f\u00fcr Sie individuell ermittelten Reihenfolge der Wichtigkeit (die&nbsp;traditionelle&nbsp;<a href=\"http:\/\/www.cortesi.ch\/index.php\/persoenlichkeitsanalysen\/radix\/\" data-type=\"page\" data-id=\"106\">Standardd-Radixanalyse<\/a>&nbsp;beschreibt die Charakterz\u00fcge in einer festgelegten Reihenfolge.)<\/li>\n<\/ul>\n\n\n\n<p>Die Pers\u00f6nlichkeits-Analyse kann ein Wegweiser zu einer bewu\u00dften und aktiven Lebensgestaltung sein.<br><br>Die Pers\u00f6nlichkeits-Analyse gibt u.a. Antwort auf folgende Fragen:<\/p>\n\n\n\n<ul class=\"wp-block-list\">\n<li>Wer sind Sie?<\/li>\n\n\n\n<li>Wie wirken Sie auf die Umwelt?<\/li>\n\n\n\n<li>Welche bewu\u00dften und unbewu\u00dften W\u00fcnsche und Bed\u00fcrfnisse beeinflussen Ihr Verhalten?<\/li>\n\n\n\n<li>In welchen Bereichen sollen Sie sich verwirklichen?<\/li>\n\n\n\n<li>Welche Talente haben Sie und wie k\u00f6nnen Sie diese einsetzen?<\/li>\n\n\n\n<li>Welche Schw\u00e4chen haben Sie und wie k\u00f6nnen Sie ihnen begegnen?<\/li>\n<\/ul>\n\n\n\n<p>Die Pers\u00f6nlichkeits-Analyse gibt keine Antwort auf Fragen wie:<\/p>\n\n\n\n<ul class=\"wp-block-list\">\n<li>Haben Sie Gl\u00fcck oder Ungl\u00fcck im Leben?<\/li>\n\n\n\n<li>Was ist die richtige Entscheidung?<\/li>\n\n\n\n<li>Wann finden Sie den richtigen Partner, Job usw.?<\/li>\n<\/ul>\n\n\n\n<p><a href=\"http:\/\/www.cortesi.ch\/wp-content\/uploads\/2022\/12\/Entfaltung_Persoenlichkeit_-JohnnyCash.pdf\" data-type=\"attachment\" data-id=\"94\">Beispiel einer Pers\u00f6nlichkeitsanalyse &#8222;Entfaltung der Pers\u00f6nlichkeit&#8220;<\/a><\/p>\n\n\n\n<p><a href=\"http:\/\/www.cortesi.ch\/wp-content\/uploads\/2022\/12\/Persoenlichkeitsanalyse.pdf\" data-type=\"attachment\" data-id=\"88\">Beispiel einer Standard Pers\u00f6nlichkeitsanalyse<\/a><\/p>\n\n\n\n<div style=\"height:10px\" aria-hidden=\"true\" class=\"wp-block-spacer\"><\/div>\n\n\n\n<p class=\"form-hintergrund\"><strong>Pers\u00f6nlichkeitsanalyse &#8222;Entfaltung der Pers\u00f6nlichkeit&#8220; bestellen:<\/strong><\/p>\n\n\n\n<p>pdf f\u00fcr CHF\/Euro 25.-<\/p>\n\n\n\n<p>Bitte senden Sie uns ein Mail an <a href=\"mailto:web@cortesi.ch\">web@cortesi.ch<\/a><\/p>\n\n\n\n<p>mit den folgenden Daten:<br>Pers\u00f6nlichkeitsanalyse f\u00fcr<br>Vorname:<br>Nachname:<br>Mann oder Frau?<br>Geburtsdatum (Tag, Monat, Jahr):<br>Geburtszeit (Stunde, Minute):<br>Geburtsort und Staat:<br>Horoskopzeichnung ja oder nein? (zus\u00e4tzlich CHF\/Euro 5.-)<\/p>\n\n\n\n<p>Ihre Anschrift:<br>Name, Strasse, Ort und Staat<\/p>\n","protected":false},"excerpt":{"rendered":"<p>Entfaltung der pers\u00f6nlichkeit Autorin: Anita Cortesi Astrologische Pers\u00f6nlichkeitsanalysen beschreiben&nbsp;das&nbsp;Pers\u00f6nlichkeitsprofil eines Menschen, seinen Charakter und sein Potential aufgrund der astrologischen Konstellationen zum Zeitpunkt der Geburt. Das Besondere an der Analyse &#8222;Entfaltung der Pers\u00f6nlichkeit&#8220;: Die Pers\u00f6nlichkeits-Analyse kann ein Wegweiser zu einer bewu\u00dften und aktiven Lebensgestaltung sein. Die Pers\u00f6nlichkeits-Analyse gibt u.a. Antwort auf folgende Fragen: Die Pers\u00f6nlichkeits-Analyse gibt [&hellip;]<\/p>\n","protected":false},"author":1,"featured_media":0,"parent":41,"menu_order":0,"comment_status":"closed","ping_status":"closed","template":"","meta":{"footnotes":""},"class_list":["post-72","page","type-page","status-publish","hentry"],"_links":{"self":[{"href":"http:\/\/www.cortesi.ch\/index.php\/wp-json\/wp\/v2\/pages\/72","targetHints":{"allow":["GET"]}}],"collection":[{"href":"http:\/\/www.cortesi.ch\/index.php\/wp-json\/wp\/v2\/pages"}],"about":[{"href":"http:\/\/www.cortesi.ch\/index.php\/wp-json\/wp\/v2\/types\/page"}],"author":[{"embeddable":true,"href":"http:\/\/www.cortesi.ch\/index.php\/wp-json\/wp\/v2\/users\/1"}],"replies":[{"embeddable":true,"href":"http:\/\/www.cortesi.ch\/index.php\/wp-json\/wp\/v2\/comments?post=72"}],"version-history":[{"count":16,"href":"http:\/\/www.cortesi.ch\/index.php\/wp-json\/wp\/v2\/pages\/72\/revisions"}],"predecessor-version":[{"id":824,"href":"http:\/\/www.cortesi.ch\/index.php\/wp-json\/wp\/v2\/pages\/72\/revisions\/824"}],"up":[{"embeddable":true,"href":"http:\/\/www.cortesi.ch\/index.php\/wp-json\/wp\/v2\/pages\/41"}],"wp:attachment":[{"href":"http:\/\/www.cortesi.ch\/index.php\/wp-json\/wp\/v2\/media?parent=72"}],"curies":[{"name":"wp","href":"https:\/\/api.w.org\/{rel}","templated":true}]}}