{"id":543,"date":"2023-02-27T08:49:17","date_gmt":"2023-02-27T07:49:17","guid":{"rendered":"http:\/\/www.cortesi.ch\/?page_id=543"},"modified":"2023-03-01T08:29:55","modified_gmt":"2023-03-01T07:29:55","slug":"tierkreiszeichen-der-vom-20-23-eines-monats-geborenen","status":"publish","type":"page","link":"https:\/\/www.cortesi.ch\/index.php\/tierkreiszeichen-der-vom-20-23-eines-monats-geborenen\/","title":{"rendered":"Tierkreiszeichen der vom 20.-23. eines Monats Geborenen"},"content":{"rendered":"\n<p>Vermutlich wissen Sie, in welchem Tierkreiszeichen Sie geboren sind. Wenn nicht, k\u00f6nnen Sie in der Tabelle\u00a0<a href=\"http:\/\/www.cortesi.ch\/index.php\/astrologisches\/der-tierkreis\/\" data-type=\"page\" data-id=\"309\">Tierkreiszeichen\u00a0<\/a>nachsehen.<\/p>\n\n\n\n<p>Sind Sie im Tierkreiszeichen Widder geboren, so bedeutet dies, dass die Sonne zur Zeit Ihrer Geburt im Tierkreiszeichen Widder stand.<\/p>\n\n\n\n<p>Die Sonne durchwandert den Tierkreis mit den zw\u00f6lf Tierkreiszeichen einmal j\u00e4hrlich. Genau genommen braucht sie daf\u00fcr 365 Tage, 5 Stunden, 48 Minuten und 46 Sekunden.<\/p>\n\n\n\n<p>Unser Kalender hat 365 Tage. Um die restlichen 5 Stunden, 48 Minuten und 46 Sekunden auszugleichen, schalten wir alle vier Jahre einen zus\u00e4tzlichen Schalttag im Februar ein. Dies hat zur Folge, dass die Sonne am gleichen Datum zur gleichen Zeit in verschiedenen Jahren nicht genau an derselben Stelle steht.<\/p>\n\n\n\n<p><strong>Beispiel:<\/strong><br>Am 21.3.1995 hat die Sonne kurz nach Mitternacht den Fr\u00fchlingspunkt 0\u00b0 Widder \u00fcberschritten und ist vom Fischezeichen in das Widderzeichen eingetreten. Ein Jahr sp\u00e4ter, 1996, war ein Schaltjahr. Ein Tag wurde im Februar eingeschoben. Aus diesem Grund verschiebt sich der \u00dcbertritt der Sonne von Fische in Widder auf den 20.3.96 ca. 8 Uhr.<\/p>\n\n\n\n<p>Wer also am 20.3.1995 geboren wurde, ist mit der Sonne im Tierkreiszeichen Fische geboren, ist also gem\u00e4ss Volksmund ein sogenannter &#8222;Fisch&#8220;. Wer 1996 ebenfalls am 20.3. nach 8 Uhr morgens das Licht der Welt erblickte, hat die Sonne in seinem Horoskop bereits im Tierkreiszeichen Widder und wird im Volksmund als &#8222;Widder&#8220; bezeichnet.<\/p>\n\n\n\n<p>Unabh\u00e4ngig von dieser durch Schaltjahre verursachten Verschiebung f\u00e4llt der \u00dcbergang der Sonne von einem Zeichen ins andere nicht in jedem Monat auf den 20., bzw. 21., da die Monate unterschiedlich lang sind. Zum Beispiel gilt f\u00fcr die Fr\u00fchjahrs-Tag-und-Nacht-Gleiche der 21.M\u00e4rz, f\u00fcr die Herbst-Tag-und-Nacht-Gleiche der 23.September.<\/p>\n\n\n\n<p>Wenn Sie also zwischen dem 20. und 23. eines Monats Geburtstag haben, pr\u00fcfen bzw. fragen Sie am besten gleich nach, in welchem Tierkreiszeichen die Sonne in Ihrem Horoskop steht.<\/p>\n","protected":false},"excerpt":{"rendered":"<p>Vermutlich wissen Sie, in welchem Tierkreiszeichen Sie geboren sind. Wenn nicht, k\u00f6nnen Sie in der Tabelle\u00a0Tierkreiszeichen\u00a0nachsehen. Sind Sie im Tierkreiszeichen Widder geboren, so bedeutet dies, dass die Sonne zur Zeit Ihrer Geburt im Tierkreiszeichen Widder stand. Die Sonne durchwandert den Tierkreis mit den zw\u00f6lf Tierkreiszeichen einmal j\u00e4hrlich. Genau genommen braucht sie daf\u00fcr 365 Tage, 5 [&hellip;]<\/p>\n","protected":false},"author":1,"featured_media":0,"parent":0,"menu_order":0,"comment_status":"closed","ping_status":"closed","template":"","meta":{"footnotes":""},"class_list":["post-543","page","type-page","status-publish","hentry"],"_links":{"self":[{"href":"https:\/\/www.cortesi.ch\/index.php\/wp-json\/wp\/v2\/pages\/543","targetHints":{"allow":["GET"]}}],"collection":[{"href":"https:\/\/www.cortesi.ch\/index.php\/wp-json\/wp\/v2\/pages"}],"about":[{"href":"https:\/\/www.cortesi.ch\/index.php\/wp-json\/wp\/v2\/types\/page"}],"author":[{"embeddable":true,"href":"https:\/\/www.cortesi.ch\/index.php\/wp-json\/wp\/v2\/users\/1"}],"replies":[{"embeddable":true,"href":"https:\/\/www.cortesi.ch\/index.php\/wp-json\/wp\/v2\/comments?post=543"}],"version-history":[{"count":2,"href":"https:\/\/www.cortesi.ch\/index.php\/wp-json\/wp\/v2\/pages\/543\/revisions"}],"predecessor-version":[{"id":642,"href":"https:\/\/www.cortesi.ch\/index.php\/wp-json\/wp\/v2\/pages\/543\/revisions\/642"}],"wp:attachment":[{"href":"https:\/\/www.cortesi.ch\/index.php\/wp-json\/wp\/v2\/media?parent=543"}],"curies":[{"name":"wp","href":"https:\/\/api.w.org\/{rel}","templated":true}]}}