{"id":740,"date":"2023-11-29T07:25:58","date_gmt":"2023-11-29T06:25:58","guid":{"rendered":"https:\/\/www.cortesi.ch\/?page_id=740"},"modified":"2023-12-28T08:45:01","modified_gmt":"2023-12-28T07:45:01","slug":"datenschutzerklaerung","status":"publish","type":"page","link":"https:\/\/www.cortesi.ch\/index.php\/impressum-und-mehr\/datenschutzerklaerung\/","title":{"rendered":"Datenschutzerkl\u00e4rung"},"content":{"rendered":"\n<p><\/p>\n\n\n\n<h3 class=\"wp-block-heading\"><\/h3>\n\n\n\n<p>Die Adresse unserer Website ist: <a href=\"https:\/\/www.cortesi.ch\">https:\/\/www.cortesi.ch<\/a><\/p>\n\n\n\n<p><\/p>\n\n\n\n<p>Anita Cortesi<br>Im Morgen 10<br>8547 CH-8547 Gachnang<br>Schweiz<br><strong>E-Mail<\/strong>: web@cortesi.ch<br><br><strong>Vertretungsberechtigte Personen<\/strong><br>Alberto Cortesi<br><br><strong>Name des Unternehmens<\/strong>: Anita Cortesi<br><br><strong>Allgemeines \/ Einleitung<\/strong><br>Gest\u00fctzt auf Artikel 13 der Schweizerischen Bundesverfassung und die datenschutzrechtlichen Bestimmungen des Bundes (Datenschutzgesetz, DSG) hat jede Person Anspruch auf Schutz ihrer Privatsph\u00e4re sowie auf Schutz vor Missbrauch ihrer pers\u00f6nlichen Daten. Die Betreiber dieser Seiten nehmen den Schutz Ihrer pers\u00f6nlichen Daten sehr ernst. Wir behandeln Ihre personenbezogenen Daten vertraulich und entsprechend der gesetzlichen Datenschutzvorschriften sowie dieser Datenschutzerkl\u00e4rung.<br><br>Diese Website wurde mit WordPress erstellt und wird von Green gehostet.<\/p>\n\n\n\n<p>In Zusammenarbeit mit unseren Hosting-Providern bem\u00fchen wir uns, die Datenbanken so gut wie m\u00f6glich vor unberechtigtem Zugriff, Verlust, Missbrauch oder Verf\u00e4lschung zu sch\u00fctzen.<br><br>Wir weisen darauf hin, dass die Daten\u00fcbertragung im Internet (z.B. bei der Kommunikation per E-Mail) Sicherheitsl\u00fccken aufweisen kann. Ein l\u00fcckenloser Schutz der Daten vor dem Zugriff durch Dritte ist nicht m\u00f6glich.<br><br>Durch die Nutzung dieser Website erkl\u00e4ren Sie sich mit der Erhebung, Verarbeitung und Nutzung von Daten gem\u00e4ss der nachfolgenden Beschreibung einverstanden. Diese Website kann grunds\u00e4tzlich ohne Registrierung besucht werden. Daten wie aufgerufene Seiten oder Namen von aufgerufenen Dateien, Datum und Uhrzeit werden zu statistischen Zwecken auf dem Server gespeichert, ohne dass diese Daten unmittelbar auf Ihre Person bezogen werden. Soweit auf unseren Seiten personenbezogene Daten (beispielsweise Name, Anschrift oder eMail-Adressen) erhoben werden, erfolgt dies, soweit m\u00f6glich, stets auf freiwilliger Basis. Diese Daten werden ohne Ihre ausdr\u00fcckliche Zustimmung nicht an Dritte weitergegeben.<br><br><strong>Verarbeitung personenbezogener Daten<\/strong><br>Personenbezogene Daten sind alle Informationen, die sich auf eine identifizierte oder identifizierbare Person beziehen. Eine betroffene Person ist eine Person, \u00fcber die personenbezogene Daten verarbeitet werden. Die Verarbeitung umfasst jeden Umgang mit personenbezogenen Daten, unabh\u00e4ngig von den verwendeten Mitteln und Verfahren, insbesondere die Speicherung, Weitergabe, Beschaffung, L\u00f6schung, Aufbewahrung, Ver\u00e4nderung, Vernichtung und Verwendung personenbezogener Daten.<br><br>Wir verarbeiten personenbezogene Daten in \u00dcbereinstimmung mit dem Schweizer Datenschutzrecht. Sofern und soweit die EU-DSGVO anwendbar ist, verarbeiten wir personenbezogene Daten dar\u00fcber hinaus auf folgenden Rechtsgrundlagen in Verbindung mit Art. 6 (1) GDPR:<br>lit. a) Verarbeitung personenbezogener Daten mit Einwilligung der betroffenen Person.<br>lit. b) Verarbeitung personenbezogener Daten zur Erf\u00fcllung eines Vertrages mit der betroffenen Person sowie zur Durchf\u00fchrung entsprechender vorvertraglicher Massnahmen.<br>lit. c) Verarbeitung personenbezogener Daten zur Erf\u00fcllung einer rechtlichen Verpflichtung, der wir nach geltendem Recht der EU oder nach geltendem Recht eines Landes, in dem die GDPR ganz oder teilweise anwendbar ist, unterliegen.<br>lit. d) Verarbeitung personenbezogener Daten zur Wahrung lebenswichtiger Interessen der betroffenen Person oder einer anderen nat\u00fcrlichen Person.<br>lit. f) Verarbeitung personenbezogener Daten zur Wahrung der berechtigten Interessen von uns oder von Dritten, sofern nicht die Grundfreiheiten und Rechte und Interessen der betroffenen Person \u00fcberwiegen. Zu den berechtigten Interessen geh\u00f6ren insbesondere unser gesch\u00e4ftliches Interesse, unsere Website bereitstellen zu k\u00f6nnen, die Informationssicherheit, die Durchsetzung eigener Rechtsanspr\u00fcche und die Einhaltung des schweizerischen Rechts.<br><br>Wir verarbeiten personenbezogene Daten f\u00fcr die Dauer, die f\u00fcr den jeweiligen Zweck oder die jeweiligen Zwecke erforderlich ist. Bei l\u00e4ngerfristigen Aufbewahrungspflichten aufgrund gesetzlicher und anderer Verpflichtungen, denen wir unterliegen, schr\u00e4nken wir die Bearbeitung entsprechend ein.<\/p>\n\n\n\n<p><strong>Mit SSL\/TLS-Verschl\u00fcsselung<\/strong><br>Diese Website verwendet aus Sicherheitsgr\u00fcnden und zum Schutz der \u00dcbertragung vertraulicher Inhalte, wie z.B. Anfragen, die Sie an uns als Seitenbetreiber senden, eine SSL\/TLS-Verschl\u00fcsselung. Eine verschl\u00fcsselte Verbindung erkennen Sie daran, dass die Adresszeile des Browsers von &#8222;http:\/\/&#8220; auf &#8222;https:\/\/&#8220; wechselt und an dem Schloss-Symbol in Ihrer Browserzeile.<br><br>Wenn die SSL- oder TLS-Verschl\u00fcsselung aktiviert ist, k\u00f6nnen die Daten, die Sie an uns \u00fcbermitteln, nicht von Dritten gelesen werden.<br><br><strong>Server-Log-Dateien<\/strong><br>Der Provider dieser Website erhebt und speichert automatisch Informationen in so genannten Server-Log-Dateien, die Ihr Browser automatisch an uns \u00fcbermittelt. Dies sind:<br>Browsertyp und Browserversion<br>Verwendetes Betriebssystem<br>Referrer URL<br>Hostname des zugreifenden Rechners<br>Zeitpunkt der Serveranfrage<br><br>Diese Daten sind nicht bestimmten Personen zuordenbar. Eine Zusammenf\u00fchrung dieser Daten mit anderen Datenquellen wird nicht vorgenommen. Wir behalten uns vor, diese Daten nachtr\u00e4glich zu pr\u00fcfen, wenn uns konkrete Anhaltspunkte f\u00fcr eine rechtswidrige Nutzung bekannt werden.<br><br><strong>Kontaktformular<\/strong><br>Wenn Sie uns per Kontaktformular Anfragen zukommen lassen, werden Ihre Angaben aus dem Anfrageformular inklusive der von Ihnen dort angegebenen Kontaktdaten zwecks Bearbeitung der Anfrage und f\u00fcr den Fall von Anschlussfragen bei uns gespeichert. Diese Daten geben wir nicht ohne Ihre Einwilligung weiter.<\/p>\n\n\n\n<p>Die Daten, die Sie in den Bestellformularen eingeben und abschicken (wie Name, Geburtsdaten, E-Mail-Adresse usw.), werden f\u00fcr die Erstellung der von Ihnen bestellten Analyse verwendet und nach Beendigung des Kaufvorgangs gel\u00f6scht. Es werden keine Daten gesammelt.<\/p>\n\n\n\n<p>Die Daten, die Sie f\u00fcr eine Anmeldung zum Fernlehrgang eingeben, werden bis zu 10 Jahren gespeichert, damit Teilnehmer\/innen auch nach einem Abbruch den Fernlehrgang wieder aufnehmen k\u00f6nnen.<\/p>\n\n\n\n<p><strong>Adobe-Schriften<\/strong><br>Wir verwenden Adobe Fonts f\u00fcr die visuelle Gestaltung unserer Website. Adobe Fonts ist ein Dienst von Adobe Systems Incorporated, 345 Park Avenue, San Jose, CA 95110-2704, USA (Adobe), der uns den Zugang zu einer Schriftartenbibliothek erm\u00f6glicht. Um die von uns verwendeten Schriftarten einzubinden, muss dein Browser eine Verbindung zu einem Adobe-Server in den USA herstellen und die f\u00fcr unsere Website erforderliche Schriftart herunterladen. Dadurch erh\u00e4lt Adobe die Information, dass unsere Website \u00fcber deine IP-Adresse aufgerufen wurde. Weitere Informationen zu Adobe Fonts findest du in den Datenschutzbestimmungen von Adobe, die du hier abrufen kannst: https:\/\/www.adobe.com\/de\/privacy\/policy.html<br><br><strong>Haftungsausschluss<\/strong><br>Der Autor \u00fcbernimmt keine Gew\u00e4hr f\u00fcr die Richtigkeit, Genauigkeit, Aktualit\u00e4t, Zuverl\u00e4ssigkeit und Vollst\u00e4ndigkeit der Informationen.<br>Haftungsanspr\u00fcche gegen den Autor wegen Sch\u00e4den materieller oder immaterieller Art, die aus dem Zugriff oder der Nutzung bzw. Nichtnutzung der ver\u00f6ffentlichten Informationen, durch Missbrauch der Verbindung oder durch technische St\u00f6rungen entstanden sind, werden ausgeschlossen.<br><br>Alle Angebote sind freibleibend. Der Autor beh\u00e4lt es sich ausdr\u00fccklich vor, Teile der Seiten oder das gesamte Angebot ohne gesonderte Ank\u00fcndigung zu ver\u00e4ndern, zu erg\u00e4nzen, zu l\u00f6schen oder die Ver\u00f6ffentlichung zeitweise oder endg\u00fcltig einzustellen.<br><br>Teilweise Quelle:\u00a0<a href=\"https:\/\/brainbox.swiss\/\">BrainBox Solutions<\/a><\/p>\n","protected":false},"excerpt":{"rendered":"<p>Die Adresse unserer Website ist: https:\/\/www.cortesi.ch Anita CortesiIm Morgen 108547 CH-8547 GachnangSchweizE-Mail: web@cortesi.ch Vertretungsberechtigte PersonenAlberto Cortesi Name des Unternehmens: Anita Cortesi Allgemeines \/ EinleitungGest\u00fctzt auf Artikel 13 der Schweizerischen Bundesverfassung und die datenschutzrechtlichen Bestimmungen des Bundes (Datenschutzgesetz, DSG) hat jede Person Anspruch auf Schutz ihrer Privatsph\u00e4re sowie auf Schutz vor Missbrauch ihrer pers\u00f6nlichen Daten. Die [&hellip;]<\/p>\n","protected":false},"author":1,"featured_media":0,"parent":37,"menu_order":0,"comment_status":"closed","ping_status":"closed","template":"","meta":{"footnotes":""},"class_list":["post-740","page","type-page","status-publish","hentry"],"_links":{"self":[{"href":"https:\/\/www.cortesi.ch\/index.php\/wp-json\/wp\/v2\/pages\/740","targetHints":{"allow":["GET"]}}],"collection":[{"href":"https:\/\/www.cortesi.ch\/index.php\/wp-json\/wp\/v2\/pages"}],"about":[{"href":"https:\/\/www.cortesi.ch\/index.php\/wp-json\/wp\/v2\/types\/page"}],"author":[{"embeddable":true,"href":"https:\/\/www.cortesi.ch\/index.php\/wp-json\/wp\/v2\/users\/1"}],"replies":[{"embeddable":true,"href":"https:\/\/www.cortesi.ch\/index.php\/wp-json\/wp\/v2\/comments?post=740"}],"version-history":[{"count":4,"href":"https:\/\/www.cortesi.ch\/index.php\/wp-json\/wp\/v2\/pages\/740\/revisions"}],"predecessor-version":[{"id":750,"href":"https:\/\/www.cortesi.ch\/index.php\/wp-json\/wp\/v2\/pages\/740\/revisions\/750"}],"up":[{"embeddable":true,"href":"https:\/\/www.cortesi.ch\/index.php\/wp-json\/wp\/v2\/pages\/37"}],"wp:attachment":[{"href":"https:\/\/www.cortesi.ch\/index.php\/wp-json\/wp\/v2\/media?parent=740"}],"curies":[{"name":"wp","href":"https:\/\/api.w.org\/{rel}","templated":true}]}}

Datenschutzerklärung

<p></p>



<h3 class="wp-block-heading"></h3>



<p>Die Adresse unserer Website ist: <a href="https://www.cortesi.ch">https://www.cortesi.ch</a></p>



<p></p>



<p>Anita Cortesi<br>Im Morgen 10<br>8547 CH-8547 Gachnang<br>Schweiz<br><strong>E-Mail</strong>: web@cortesi.ch<br><br><strong>Vertretungsberechtigte Personen</strong><br>Alberto Cortesi<br><br><strong>Name des Unternehmens</strong>: Anita Cortesi<br><br><strong>Allgemeines / Einleitung</strong><br>Gestützt auf Artikel 13 der Schweizerischen Bundesverfassung und die datenschutzrechtlichen Bestimmungen des Bundes (Datenschutzgesetz, DSG) hat jede Person Anspruch auf Schutz ihrer Privatsphäre sowie auf Schutz vor Missbrauch ihrer persönlichen Daten. Die Betreiber dieser Seiten nehmen den Schutz Ihrer persönlichen Daten sehr ernst. Wir behandeln Ihre personenbezogenen Daten vertraulich und entsprechend der gesetzlichen Datenschutzvorschriften sowie dieser Datenschutzerklärung.<br><br>Diese Website wurde mit WordPress erstellt und wird von Green gehostet.</p>



<p>In Zusammenarbeit mit unseren Hosting-Providern bemühen wir uns, die Datenbanken so gut wie möglich vor unberechtigtem Zugriff, Verlust, Missbrauch oder Verfälschung zu schützen.<br><br>Wir weisen darauf hin, dass die Datenübertragung im Internet (z.B. bei der Kommunikation per E-Mail) Sicherheitslücken aufweisen kann. Ein lückenloser Schutz der Daten vor dem Zugriff durch Dritte ist nicht möglich.<br><br>Durch die Nutzung dieser Website erklären Sie sich mit der Erhebung, Verarbeitung und Nutzung von Daten gemäss der nachfolgenden Beschreibung einverstanden. Diese Website kann grundsätzlich ohne Registrierung besucht werden. Daten wie aufgerufene Seiten oder Namen von aufgerufenen Dateien, Datum und Uhrzeit werden zu statistischen Zwecken auf dem Server gespeichert, ohne dass diese Daten unmittelbar auf Ihre Person bezogen werden. Soweit auf unseren Seiten personenbezogene Daten (beispielsweise Name, Anschrift oder eMail-Adressen) erhoben werden, erfolgt dies, soweit möglich, stets auf freiwilliger Basis. Diese Daten werden ohne Ihre ausdrückliche Zustimmung nicht an Dritte weitergegeben.<br><br><strong>Verarbeitung personenbezogener Daten</strong><br>Personenbezogene Daten sind alle Informationen, die sich auf eine identifizierte oder identifizierbare Person beziehen. Eine betroffene Person ist eine Person, über die personenbezogene Daten verarbeitet werden. Die Verarbeitung umfasst jeden Umgang mit personenbezogenen Daten, unabhängig von den verwendeten Mitteln und Verfahren, insbesondere die Speicherung, Weitergabe, Beschaffung, Löschung, Aufbewahrung, Veränderung, Vernichtung und Verwendung personenbezogener Daten.<br><br>Wir verarbeiten personenbezogene Daten in Übereinstimmung mit dem Schweizer Datenschutzrecht. Sofern und soweit die EU-DSGVO anwendbar ist, verarbeiten wir personenbezogene Daten darüber hinaus auf folgenden Rechtsgrundlagen in Verbindung mit Art. 6 (1) GDPR:<br>lit. a) Verarbeitung personenbezogener Daten mit Einwilligung der betroffenen Person.<br>lit. b) Verarbeitung personenbezogener Daten zur Erfüllung eines Vertrages mit der betroffenen Person sowie zur Durchführung entsprechender vorvertraglicher Massnahmen.<br>lit. c) Verarbeitung personenbezogener Daten zur Erfüllung einer rechtlichen Verpflichtung, der wir nach geltendem Recht der EU oder nach geltendem Recht eines Landes, in dem die GDPR ganz oder teilweise anwendbar ist, unterliegen.<br>lit. d) Verarbeitung personenbezogener Daten zur Wahrung lebenswichtiger Interessen der betroffenen Person oder einer anderen natürlichen Person.<br>lit. f) Verarbeitung personenbezogener Daten zur Wahrung der berechtigten Interessen von uns oder von Dritten, sofern nicht die Grundfreiheiten und Rechte und Interessen der betroffenen Person überwiegen. Zu den berechtigten Interessen gehören insbesondere unser geschäftliches Interesse, unsere Website bereitstellen zu können, die Informationssicherheit, die Durchsetzung eigener Rechtsansprüche und die Einhaltung des schweizerischen Rechts.<br><br>Wir verarbeiten personenbezogene Daten für die Dauer, die für den jeweiligen Zweck oder die jeweiligen Zwecke erforderlich ist. Bei längerfristigen Aufbewahrungspflichten aufgrund gesetzlicher und anderer Verpflichtungen, denen wir unterliegen, schränken wir die Bearbeitung entsprechend ein.</p>



<p><strong>Mit SSL/TLS-Verschlüsselung</strong><br>Diese Website verwendet aus Sicherheitsgründen und zum Schutz der Übertragung vertraulicher Inhalte, wie z.B. Anfragen, die Sie an uns als Seitenbetreiber senden, eine SSL/TLS-Verschlüsselung. Eine verschlüsselte Verbindung erkennen Sie daran, dass die Adresszeile des Browsers von &#8222;http://&#8220; auf &#8222;https://&#8220; wechselt und an dem Schloss-Symbol in Ihrer Browserzeile.<br><br>Wenn die SSL- oder TLS-Verschlüsselung aktiviert ist, können die Daten, die Sie an uns übermitteln, nicht von Dritten gelesen werden.<br><br><strong>Server-Log-Dateien</strong><br>Der Provider dieser Website erhebt und speichert automatisch Informationen in so genannten Server-Log-Dateien, die Ihr Browser automatisch an uns übermittelt. Dies sind:<br>Browsertyp und Browserversion<br>Verwendetes Betriebssystem<br>Referrer URL<br>Hostname des zugreifenden Rechners<br>Zeitpunkt der Serveranfrage<br><br>Diese Daten sind nicht bestimmten Personen zuordenbar. Eine Zusammenführung dieser Daten mit anderen Datenquellen wird nicht vorgenommen. Wir behalten uns vor, diese Daten nachträglich zu prüfen, wenn uns konkrete Anhaltspunkte für eine rechtswidrige Nutzung bekannt werden.<br><br><strong>Kontaktformular</strong><br>Wenn Sie uns per Kontaktformular Anfragen zukommen lassen, werden Ihre Angaben aus dem Anfrageformular inklusive der von Ihnen dort angegebenen Kontaktdaten zwecks Bearbeitung der Anfrage und für den Fall von Anschlussfragen bei uns gespeichert. Diese Daten geben wir nicht ohne Ihre Einwilligung weiter.</p>



<p>Die Daten, die Sie in den Bestellformularen eingeben und abschicken (wie Name, Geburtsdaten, E-Mail-Adresse usw.), werden für die Erstellung der von Ihnen bestellten Analyse verwendet und nach Beendigung des Kaufvorgangs gelöscht. Es werden keine Daten gesammelt.</p>



<p>Die Daten, die Sie für eine Anmeldung zum Fernlehrgang eingeben, werden bis zu 10 Jahren gespeichert, damit Teilnehmer/innen auch nach einem Abbruch den Fernlehrgang wieder aufnehmen können.</p>



<p><strong>Adobe-Schriften</strong><br>Wir verwenden Adobe Fonts für die visuelle Gestaltung unserer Website. Adobe Fonts ist ein Dienst von Adobe Systems Incorporated, 345 Park Avenue, San Jose, CA 95110-2704, USA (Adobe), der uns den Zugang zu einer Schriftartenbibliothek ermöglicht. Um die von uns verwendeten Schriftarten einzubinden, muss dein Browser eine Verbindung zu einem Adobe-Server in den USA herstellen und die für unsere Website erforderliche Schriftart herunterladen. Dadurch erhält Adobe die Information, dass unsere Website über deine IP-Adresse aufgerufen wurde. Weitere Informationen zu Adobe Fonts findest du in den Datenschutzbestimmungen von Adobe, die du hier abrufen kannst: https://www.adobe.com/de/privacy/policy.html<br><br><strong>Haftungsausschluss</strong><br>Der Autor übernimmt keine Gewähr für die Richtigkeit, Genauigkeit, Aktualität, Zuverlässigkeit und Vollständigkeit der Informationen.<br>Haftungsansprüche gegen den Autor wegen Schäden materieller oder immaterieller Art, die aus dem Zugriff oder der Nutzung bzw. Nichtnutzung der veröffentlichten Informationen, durch Missbrauch der Verbindung oder durch technische Störungen entstanden sind, werden ausgeschlossen.<br><br>Alle Angebote sind freibleibend. Der Autor behält es sich ausdrücklich vor, Teile der Seiten oder das gesamte Angebot ohne gesonderte Ankündigung zu verändern, zu ergänzen, zu löschen oder die Veröffentlichung zeitweise oder endgültig einzustellen.<br><br>Teilweise Quelle: <a href="https://brainbox.swiss/">BrainBox Solutions</a></p>

<p>Die Adresse unserer Website ist: https://www.cortesi.ch Anita CortesiIm Morgen 108547 CH-8547 GachnangSchweizE-Mail: web@cortesi.ch Vertretungsberechtigte PersonenAlberto Cortesi Name des Unternehmens: Anita Cortesi Allgemeines / EinleitungGestützt auf Artikel 13 der Schweizerischen Bundesverfassung und die datenschutzrechtlichen Bestimmungen des Bundes (Datenschutzgesetz, DSG) hat jede Person Anspruch auf Schutz ihrer Privatsphäre sowie auf Schutz vor Missbrauch ihrer persönlichen Daten. Die [&hellip;]</p>
